r of k and v?
2
Suppose 4*q - 36 = 24. Let k(j) = 16*j**2 + 5*j + 6. Let s be (-24)/10 - (-2 + (-65)/(-25)). Let m be k(s). What is the highest common divisor of q and m?
15
Let g be (242/(-66))/((-3)/63) - -6. Calculate the highest common factor of 1 and g.
1
Let d be -3*2/((-36)/2370). Let p = 424 - d. Calculate the highest common divisor of p and 116.
29
Let t = -1344 + 1773. Calculate the highest common factor of 33 and t.
33
Let s = 185 + -105. Suppose 0 = -3*a + h + 201, 177*a - 3*h + 377 = 182*a. Calculate the highest common divisor of a and s.
10
Let z(j) = j**3 + 11*j**2 - 27*j - 13. Let a be z(-13). Let x = 36 - a. What is the greatest common divisor of x and 72?
36
Let h(q) = -q**3 + 17*q**2 - 28*q - 82. Let b be h(14). Calculate the highest common divisor of 285 and b.
57
Let j be (-30183)/(-15) + 20/25. Calculate the highest common divisor of j and 1830.
183
Let u be 2/3*2/(-3)*-9. Suppose -3*k = -5*a + 87, 0*a + 5*k = -u*a + 77. Suppose -a*z - 56 = -26*z. Calculate the highest common factor of 56 and z.
7
Suppose 5*i + 5*k = 71 - 876, -3*i + 4*k = 469. Let d = 188 + i. Let x = 61 - -55. What is the greatest common factor of x and d?
29
Let p be ((-29)/87)/((-5)/525). What is the greatest common factor of p and 8015?
35
Suppose 5762*m = 6314*m - 11040. Suppose -137 = -s + 93. What is the highest common factor of s and m?
10
Suppose -11*r - 711 = 422. Let k = 171 + r. Calculate the highest common factor of 102 and k.
34
Let k = 30 + -26. Let p be ((-99)/(-3 + 4))/((-6)/k). Calculate the highest common divisor of 6 and p.
6
Let s be (1 - 0)/(4/104). Suppose 7*f - 4*f = -1983. Let y = -427 - f. Calculate the highest common divisor of y and s.
26
Let p = 6645 - 6630. Calculate the highest common factor of 745 and p.
5
Let t be (-76)/171 - (6604/(-36) + 1). Calculate the greatest common divisor of t and 1638.
182
Let u be 35580/28 + ((-96)/42)/(-8). What is the greatest common factor of 82 and u?
41
Suppose 14*r = -20*r + 6800. What is the greatest common factor of 32 and r?
8
Let n = 186 - 186. Let g be n + (31 - 2) + 0. What is the greatest common divisor of g and 87?
29
Let w be (-80)/(-4)*(0 - -1). Let n = -3147 - -3507. What is the highest common factor of w and n?
20
Let n = -69 + 168. Suppose 3*o + 17*m = 15*m + 157, -4*o + 5*m + 240 = 0. What is the highest common divisor of o and n?
11
Let s(h) = -6*h**3 + 26*h**2 + 21*h - 4. Let j be s(4). What is the greatest common factor of 23576 and j?
56
Let c be -5 - 3*137/(-3). Suppose -8*h + 764 = c. Let m be (-2)/((-10)/h) + (-12)/(-60). What is the highest common factor of m and 128?
16
Let p = 28 - -75. Let f(h) = p*h**2 - 2*h - h**3 - 3 + 108*h**2 - 216*h**2. Let j be f(-5). Calculate the highest common factor of j and 21.
7
Let r(u) = 2*u**3 + 50*u**2 - 5*u + 20. Let n be r(-25). Suppose j + n = 2*f - 2*j, 2*j + 390 = 5*f. What is the greatest common divisor of f and 10?
10
Let w(j) = -274*j + 360. Let o be w(-1). Calculate the highest common factor of 4 and o.
2
Let n(w) = 9*w - 5 + 0 - 2 + 2*w**2 - 7. Let l be n(-6). Suppose l*r = -3*i + 149, -2*i - 3*r + 4*r + 92 = 0. What is the greatest common factor of 517 and i?
47
Let w = 35 - 29. Suppose 9*y - 3 - w = 0. Suppose -y = 4*f - 25. Calculate the highest common divisor of 4 and f.
2
Let m = 11375 - 9791. Calculate the greatest common divisor of m and 24.
24
Let z(w) = -22*w - 84. Let l be z(-4). Suppose -4*c = -10*c + 456. What is the highest common divisor of c and l?
4
Suppose -w = -0*w - 15. Suppose b = 4*d - 241, 4*b = -2 - 2. Suppose -s - d = -3*s. What is the greatest common factor of w and s?
15
Suppose z = 3, -2*n + z + 17 + 188 = 0. Let b = 2440 - 2414. What is the highest common factor of b and n?
26
Suppose 0 = -5*q + q + 16. Suppose q*m - 13 = 35. Suppose -y - m + 23 = 0. What is the highest common factor of y and 11?
11
Let r(a) = -14*a**3 + 7*a**2 + 55*a + 47. Let c be r(-2). Suppose 0*j = 2*j. Let t(b) = b**2 + 11. Let p be t(j). What is the greatest common factor of p and c?
11
Suppose -30*j - 27 = -57*j. Let c be 53/(4 + -2 - j). Calculate the highest common factor of 159 and c.
53
Suppose -5*t = 5*d - t - 23, -4*d + 18 = 3*t. Suppose -290 = -5*r - d*g, -r + 2*g + 11 = -34. Let k = r - 54. What is the highest common divisor of k and 2?
1
Let s = 108 - 74. Suppose 4*i + 4*i = 3*i. Let n be 170 + -1 + (-4)/(-4 - i). Calculate the greatest common divisor of n and s.
34
Suppose -5*j - 4*g + 29 - 17 = 0, 3*j = -2*g + 8. Suppose 5*m - 840 = -7*f + j*f, 0 = -4*m - 2*f + 674. Calculate the greatest common divisor of 399 and m.
57
Let z be 268/67 + (13166 - -4). Calculate the greatest common divisor of 14 and z.
14
Suppose 0 = -36*v + 38*v - 10. Suppose -v*y - 10 = k, 0*k - 2 = -y - k. Let z be ((-39)/9 - -4)/(y/54). Calculate the greatest common divisor of 15 and z.
3
Let o be 3 - -8 - 316 - (-5 + 0). Let p = o + 360. Calculate the greatest common factor of 620 and p.
20
Let s be -2 + 5 + (-13)/(-52)*-8. Let p be s*(-3 - (6 - 24)). Calculate the greatest common divisor of p and 33.
3
Let i(g) = 70*g**2 + 138*g - 1136. Let o be i(9). Calculate the highest common divisor of 16 and o.
16
Let r be 1009 - (12*2/8 - (2 + 0)). What is the highest common factor of r and 2142?
126
Suppose -2*i = -0*i - 282. Suppose -7*k + 491 = 5*z - 10*k, z - 115 = 3*k. What is the greatest common divisor of z and i?
47
Suppose -212 = -126*g + 131*g - 3222. What is the greatest common divisor of g and 2924?
86
Let t be 17/((-119)/(-12))*56. Let f be (t - 2)/((-26)/(-52)). Calculate the highest common factor of f and 47.
47
Let s(h) = -h**3 - 13*h**2 + 28*h + 119. Let q be s(-15). Calculate the greatest common divisor of 5215 and q.
149
Let k(f) be the third derivative of -f**4 - 37*f**3/6 + 50*f**2. Let n be k(-4). What is the greatest common divisor of 472 and n?
59
Let g be 12/10*(-10)/(-4). Let h be 1 + (2 - (g + -2)). Let y be -30*(-5)/(-15)*(-3)/h. Calculate the highest common divisor of y and 3.
3
Suppose m - 46 = -4*g, -5 = -5*m - 35. Calculate the highest common divisor of 11219 and g.
13
Let l be (12 - (-1 + 6)) + (-5744)/(-4). What is the greatest common factor of l and 39?
39
Suppose 13*f - 1778 - 1357 = 2*f. What is the greatest common factor of 120 and f?
15
Let h = 2267 + -2220. What is the highest common divisor of h and 5311?
47
Suppose 2*v + 3 = p - 1, p - v = 7. Let c(o) = -8*o + 2. Let a be c(-7). Let w = 60 - a. Calculate the highest common divisor of w and p.
2
Suppose 3*o - 318 = 3*k, k + 109 = 2*o + 2*o. Let m = k - -142. Let p be m - (0 - -20)/(-4). Calculate the greatest common factor of p and 6.
6
Let n = 30 - 28. Suppose n*a - 60 = -3*a - 5*g, -5*g - 60 = -3*a. Let k = 126 - -9. What is the greatest common factor of a and k?
15
Suppose -49715 = -72*m + 259165. Calculate the greatest common divisor of 60 and m.
30
Suppose 0 = -57*n - 2882 + 2434 + 8884. What is the highest common factor of 185 and n?
37
Let q = -186 - -188. Let o be ((-243)/6 + q)/((-1)/2). What is the greatest common factor of o and 14?
7
Let x = 4692 + -1936. Suppose 4*l + 3*c = 2724, -2*c = -4*l + 3*c + x. Calculate the greatest common factor of l and 36.
36
Suppose -2*s = -6*s - 136. Let w = s - -34. Let i(o) = -4*o + 21. Let f be i(w). Calculate the highest common factor of f and 42.
21
Let b be 285/9*(-117 - -564). What is the greatest common factor of 95 and b?
95
Suppose 14*s - 26*s + 73815 = 45*s. What is the greatest common factor of 140 and s?
35
Let a(z) = -42*z - 630. Let h be a(-18). What is the highest common divisor of 162 and h?
18
Suppose -2*t = 4*m - 6, 2*m = 6*m + 4*t + 4. Suppose 0 = -3*q + 2 + m, -f - 4*q = -77. What is the greatest common divisor of f and 92?
23
Suppose -6*i + 197 - 47 = 0. Suppose 3*m - 50 = i. What is the greatest common divisor of m and 200?
25
Let x(q) = -6*q + 78. Let h be x(14). Let s be (-459)/h - 14/(-28). What is the greatest common divisor of 28 and s?
7
Suppose -6*i = -2*i - 3*a - 483, 4*a = 2*i - 254. Let q be 2*(i/2)/3. What is the greatest common factor of q and 12?
3
Let b = -1677 + 1152. Let s = -459 - b. Calculate the highest common factor of s and 77.
11
Let p(u) = 12*u**2 + 3. Let l be p(1). Calculate the greatest common divisor of 2390 and l.
5
Let f(i) = -150*i - 200. Let v be f(-2). S